r when n is divided by (9/15)/(0 - 2/(-90))?
25
What is the remainder when 151 is divided by -39*((1 - 2) + 4 + -4)?
34
Let f(g) = -9*g**3 + 3*g**2 - 3. Calculate the remainder when f(-2) is divided by 28.
25
Let c(p) = p**3 + 8*p**2 - 11*p - 7. Let j be c(-9). Suppose j = 2*q - q. What is the remainder when (-8)/6*(-180)/8 is divided by q?
8
Suppose -2*u = -0*u. Let i = 13 + u. What is the remainder when i is divided by 5?
3
Let i = -55 + 90. Let w = -32 - -50. Calculate the remainder when i is divided by w.
17
Suppose -3*a + q + 96 = 0, 6*a - 5*a = 2*q + 32. What is the remainder when 63 is divided by a?
31
Calculate the remainder when 60 is divided by (-4 - 2)*7/(-2).
18
Suppose n + 71 = 5*m, -4*n = -4*m + 82 - 22. Suppose s + s = -8, y = -4*s + m. Calculate the remainder when y is divided by 3/((-12)/(-8)) + (8 - -1).
8
Let g(y) = -4*y - 1. Let x be (12/(-15))/(2/15). Calculate the remainder when g(x) is divided by 13.
10
Suppose -2*z - 10 = -2*i, 0*i = 2*i + 4*z + 20. Suppose f + 4*b + 8 = i, -f + 24 = f - 2*b. What is the remainder when 29 is divided by f?
5
Calculate the remainder when (-5 - 82)/(-3) - (3 + -3) is divided by 17.
12
Suppose -2*d + 149 = -45. Calculate the remainder when d is divided by 50.
47
What is the remainder when 55 is divided by 29 + (-2 - 3 - -4)?
27
Suppose 2*d - 2 = 4*d, -i + d = -266. Suppose 0 = -5*g - 15 + 40. Suppose 65 = -g*s + i. Calculate the remainder when s is divided by 14.
12
Suppose 0*y = -4*y + 64. Calculate the remainder when 30 is divided by y.
14
Let b be 3 + 304 + -2 + -1. Suppose c + 3*c - 4*r - b = 0, 4*c - 313 = r. What is the remainder when c is divided by 27?
25
Let i = -16 + 14. Let n = 15 + i. What is the remainder when 51 is divided by n?
12
Suppose -19 - 1 = 2*u. Let f = 25 - 6. Calculate the remainder when 4/u + 374/10 is divided by f.
18
Let o(g) = g**3 + 24*g**2 + 20*g + 8. Calculate the remainder when o(-23) is divided by 39.
38
Calculate the remainder when 22 is divided by (-42)/(-3) + 0 + -2.
10
Let u(k) = 30*k**3 + k**2 - 3*k + 1. Calculate the remainder when u(1) is divided by 10.
9
Let g = 4 + 0. Let n = g + 1. Suppose 5*h = -i + 16, 80 = 6*i - i + n*h. Calculate the remainder when 31 is divided by i.
15
Let c = 102 + -46. Let y = -8 - -6. Calculate the remainder when c is divided by 0 - -20 - (-2)/y.
18
Let g = 13 - -12. Calculate the remainder when 548/5 - (-10)/g is divided by 28.
26
Let s = 8 + -2. What is the remainder when 27 is divided by s?
3
Suppose 0 = 2*g + g - 18. Calculate the remainder when g is divided by 4.
2
Suppose -t + 58 = -38. Suppose -t = 2*k - 6*k. Calculate the remainder when k is divided by 9.
6
Suppose f + f - 18 = 0. What is the remainder when 23 is divided by f?
5
Suppose 0 = 4*r - 64 + 4. Calculate the remainder when 58 is divided by r.
13
Let o = -515 + 548. Suppose -2*h = -8 - 28. Calculate the remainder when o is divided by h.
15
Suppose n = 3 + 1. Suppose -1 = -n*i + 19. Let c(q) = -q**2 - 7*q - 3. Calculate the remainder when i is divided by c(-6).
2
Let b(r) = 48*r**3 + 2*r**2 - 2*r + 1. Let y(c) = -12*c + 1. What is the remainder when b(1) is divided by y(-1)?
10
Let a(u) = 8*u**2 - 1. Calculate the remainder when 20 is divided by a(1).
6
Suppose -162 = -3*p + 3*c, -5*c + 0*c + 194 = 3*p. Calculate the remainder when 113 is divided by p.
55
Suppose -a - 4*u + 12 = -15, -3 = -u. What is the remainder when 86 is divided by a?
11
Let c(n) = -n**2 - 4*n - 1. Suppose -4*p + j = -9, -2*p - j = -1 - 2. Calculate the remainder when p is divided by c(-3).
0
Let b = -27 + 52. What is the remainder when (-20)/b*5/(-1) is divided by 2?
0
Let m = 58 + -42. What is the remainder when 30 is divided by m?
14
Suppose 3*q + 9 = -0*q. What is the remainder when 34 is divided by (-52)/q + (-2)/(-3)?
16
Let j(k) = 3*k**3 - k**2 - 5*k + 9. Calculate the remainder when 55 is divided by j(2).
17
Let a(l) = -l**3 + 4*l**2 + 8*l - 5. Suppose -4*n = -t + 6*t, 0 = n + 5*t. Let o be 10/4*(2 + n). What is the remainder when a(o) is divided by 4?
2
Suppose k - 2*k + 123 = 4*m, 0 = -m + k + 27. What is the remainder when m is divided by 4/(-10) + 164/10?
14
Suppose 4*h + 20 = -0. What is the remainder when (-27)/(-5) - (-2)/h is divided by 6 - 2 - 2 - 0?
1
Let y = -5 + 9. Suppose 1 = y*f - 15. Calculate the remainder when 13 is divided by f.
1
Let x be 2/4 + 70/4. Suppose 2*v - 4*v + x = 0. Let d = 22 - v. What is the remainder when 24 is divided by d?
11
Let y = -60 - -66. Calculate the remainder when y is divided by 6.
0
Suppose -5*w - 20 = 5*f, -5*f + 0*w - 3*w - 16 = 0. Calculate the remainder when 42 is divided by (-115)/(-10) + 1/f.
9
Calculate the remainder when 39 is divided by 36/15*(-30)/(-9).
7
Let c(u) = 2*u**2 + 4*u + 2. What is the remainder when 52 is divided by c(-4)?
16
Let j = 103 + -74. Let y = j + -18. What is the remainder when y is divided by 5?
1
Let d = -2 + 3. Let u(c) = c**2 + 3*c + 2. What is the remainder when 5/d - (-1 + 1) is divided by u(-3)?
1
Let i(b) = -b**3 + 7*b**2 - 6*b + 5. Calculate the remainder when -1 + (-42)/9*-3 is divided by i(6).
3
Let y be -186*1/(-2)*-5. What is the remainder when -2*((-37)/2)/1 is divided by 4/(-14) + y/(-35)?
11
Suppose 0 = -3*f + 156 - 15. Let o = -73 + 116. What is the remainder when o is divided by f/2 - 6/4?
21
Let q(r) = r**2 - 5*r + 4. Let a be q(8). Let h = 42 - a. Suppose -n = m - 44 - 2, 0 = -2*n + 4*m + 62. Calculate the remainder when n is divided by h.
13
Suppose 0 = 4*y + 23 - 43. Calculate the remainder when 5 is divided by y.
0
Let l(c) = -20*c**3 + 3*c**2 + 4*c + 2. Let j be l(-2). Let u = -117 + j. Calculate the remainder when u is divided by (-34)/4*(-6 - -4).
15
Let j be (2 + 20)*(-8 + 7). Let r = j - -24. What is the remainder when 5 is divided by r?
1
Let k = 27 - 18. What is the remainder when 25 is divided by k?
7
Suppose -32 = h + 4*p + 66, 0 = -h - 2*p - 92. Let j(n) = n**3 + 9*n**2 + 8*n - 3. Let c be j(-8). What is the remainder when 0 + c/(6/h) is divided by 15?
13
Suppose 3*u - 20 = -5*l + 54, 0 = -4*u - 3*l + 117. What is the remainder when 85 is divided by u?
19
Let d = 6 - 6. Suppose -w + d = -3. Calculate the remainder when 20 is divided by (1 + 10)*(-2 + w).
9
Let k = -10 + 15. Let t(n) = n**2 - 9*n - 28. What is the remainder when t(12) is divided by k?
3
Suppose -2*f = -2*m + 26, -4*m = f - 49 + 12. Suppose 2*c + 16 = 4*w, 3*w + 2 = 2*c - 4*c. Let t = w - -2. What is the remainder when m is divided by t?
2
Suppose 2*k = -2*k + 16. Suppose -k*a + 135 = 15. What is the remainder when a is divided by 11?
8
Suppose -v = 4*v - 10. Let q be -1*(v - (3 - -2)). Suppose -q*z + 56 = 4*a, 80 = 4*z - 3*a - 3. What is the remainder when 58 is divided by z?
18
Let m(l) = l**2 + 17*l + 24. What is the remainder when m(-19) is divided by 13?
10
Let x be 2*(-4)/(-8*1). What is the remainder when 52 is divided by 13 + -1 - x/1?
8
Let a be 9/(-6)*30/(-9). Suppose -2*t = -a*t + 42. Calculate the remainder when (2/3)/(2/123) is divided by t.
13
Let a = 25 - -28. Suppose -a + 13 = -v. Suppose 3*x - 2*f - 7 = -0*f, -v = -4*x - 5*f. What is the remainder when 8 is divided by x?
3
Let l = -50 - -56. Calculate the remainder when 28 is divided by l.
4
Let d(s) = 28*s**3 + s**2 - 1. Suppose -5*g + 34 = -41. What is the remainder when d(1) is divided by g?
13
Let m be 76/3*(3 - 0). Let g = m + -36. Suppose 2*a = -0*f + 2*f + 38, -a + 3*f = -29. Calculate the remainder when g is divided by a.
12
Suppose 4*u = 2*z - 8, 5*z = -0*z - 2*u + 44. Let m = 6 - 4. Suppose q + 3*p - 3 = 0, 4 + m = 2*q - 4*p. Calculate the remainder when z is divided by q.
2
Let m be 6/3 + (-2 - -8). Suppose -3*j + 55 + m = 0. Calculate the remainder when j is divided by 12.
9
Let g(a) = -3*a - 3. Let z be g(-3). Suppose 5*f = z + 44. Calculate the remainder when 3*((-56)/(-3))/2 is divided by f.
8
What is the remainder when 48 is divided by 3 + (12 - -2)*1?
14
Let h be -5*(12/(-20) - 3). Let o = h + 71. What is the remainder when o is divided by 23?
20
Suppose -35 = -5*z + 2*k, 34 = 4*z - 3*z + 5*k. Calculate the remainder when 33 is divided by z.
6
Suppose -68 = -2*t - 3*j + 14, 182 = 5*t - 4*j. Calculate the remainder when t is divided by 14 + (-1)/(1/1).
12
Suppose 2*d - 4*d + 4 = 0. Suppose 16 + 4 = d*q. Calculate the 